e 48 = -n + r*n. Is 20/n - 2 - (-1948)/3 a composite number?
True
Suppose 0 = -39*w - 23*w + 26461228. Is w a composite number?
True
Let b(h) = 327*h - 14. Let g = 55 - 53. Let z(i) = 5*i - 7. Let u be z(g). Is b(u) a prime number?
True
Suppose 4*l + 16 = 0, -247*z - 4*l = -244*z - 571805. Is z a composite number?
False
Let a(j) = 13*j**3 - 22*j**2 + 106*j - 65. Is a(22) composite?
False
Suppose 0 = -2*u + 5*j + 33078, -5*u + j - 12457 = -95106. Is u composite?
False
Let h be (9/4)/(18/(-48))*-6. Let s = 42 - h. Suppose -8*t + s*t = -402. Is t composite?
True
Let g = -122 - -122. Suppose g = 3*o - 3, 3*o - 6*o = -3*b + 4908. Is b a prime number?
True
Let q = -37 + 47. Let u(y) = 2*y**3 - 8*y**2 + 20*y + 4. Let j be u(q). Suppose 0 = 3*w + g - j, -5*w + 10*w + g = 2338. Is w composite?
False
Let r(s) be the second derivative of -s**5/20 - 19*s**4/12 - 21*s**3/2 - 37*s**2/2 + 97*s. Is r(-16) composite?
True
Let o = -43605 + 185770. Is o a composite number?
True
Let v(o) = 1511*o**3 + 6*o**2 + 6*o + 9. Let p be v(4). Suppose 13*m + p = 24*m. Is m a composite number?
False
Let f = 2656 + -1364. Suppose 23*t - f = 19*t. Is t a composite number?
True
Let f(y) = -y**2 - 6*y. Let a be f(-5). Suppose q = -a*u - 165, 0 = 2*q - 2*u + 39 + 279. Let d = 427 - q. Is d prime?
True
Let s(m) = -8*m + 172. Let p be s(21). Suppose -2*g - p*i + 88972 = 2*g, -3*g = 2*i - 66733. Is g a composite number?
False
Is 1 + 56574 + (-161)/(-70) + (-12)/40 a prime number?
False
Let v be 993 + 10/((-30)/(-9)). Suppose 0 = 3*a - 990 - v. Is a composite?
True
Let o(d) = d**3 - 61*d**2 - 280*d - 247. Is o(74) a prime number?
True
Let t = 190 - 186. Suppose -j - t*i = -3762, 3*j + 0*i - 11268 = -3*i. Is j a composite number?
True
Suppose 2*v - 111836 = -2*t, 0*t - 2*t + 111854 = -4*v. Is t a prime number?
True
Let c = 56 + -105. Let i = -44 - c. Suppose -6*o + i*o + 1841 = 0. Is o prime?
False
Let m(c) = 47*c**3 + 10*c**2 + 16*c - 27. Is m(10) a prime number?
False
Is (2 + -3)*(-6125 - -148) prime?
False
Is ((-13154)/5)/((-558)/219015) a composite number?
True
Let b = -186 - -129. Let w = b + 51. Is (-668)/(-8) + w/12 prime?
True
Suppose 7 - 21 = -7*m. Suppose -4*o + m*x - 7*x + 7155 = 0, -5*o + 3*x = -8953. Suppose -10*b - o = -19320. Is b prime?
True
Suppose 2*q + z = q + 25, -5*q - z = -105. Is 121432/q + (-48)/80 composite?
True
Let a(f) = -187*f**3 - 42*f**2 + 50*f + 17. Is a(-16) a prime number?
True
Suppose 0 = 3*y + 12, -2*d - 2*y = 3*d - 1172. Suppose 3*z + 0 = 12. Suppose z*h - d - 1032 = 0. Is h a composite number?
False
Let p(a) = 6*a + 15 - 50 - 7*a**3 + 9*a**2 + a**2 - 4*a**2. Is p(-6) a prime number?
True
Suppose -49 - 45 = -2*b. Let r = 26 - b. Is (36/27)/((-4)/r) a prime number?
True
Let n = 733037 + -390814. Is n composite?
True
Is ((-84)/126)/((-6)/96723) prime?
False
Let o = 28 + -30. Let z be ((-37400)/(-51))/(o/(-6)). Let l = -1527 + z. Is l prime?
True
Let d(f) = 17*f + 128. Let g be d(21). Suppose -3464 = -11*l + g. Is l a prime number?
True
Suppose 4*l - 20058 = -l - 2*z, l - 2*z = 4002. Let j = l - -899. Is j prime?
True
Suppose 58*k + 1346763 = -3098705. Let q = k - -110931. Is q composite?
True
Suppose 9*p = -5*x + 7*p - 46707, 3*p + 9344 = -x. Suppose -5*r + 2*r + 53320 = 4*n, -5*r - 39990 = -3*n. Let d = x + n. Is d a prime number?
True
Suppose 3*k - 2*c + 288 - 41757 = 0, 4*k - 3*c - 55292 = 0. Let x = -5676 + k. Is x prime?
True
Suppose 5*c - 673186 = -v, -2*c + 875*v - 877*v = -269260. Is c a composite number?
False
Suppose 51*a + 44395754 = 122*a + 14418205. Is a composite?
True
Let s = -396 + 461. Let c = 288 - s. Is c composite?
False
Let o(y) = -y**2 - 19*y - 19. Let l be o(-18). Let d be -26012 + 0 + 3 + l. Is d/(-54) + 2/(-3) composite?
True
Let y(a) = 139*a**2 + a - 5. Let v be (-987)/(-105) - (-1)/5*-2. Suppose 0 = -5*f + 6 + v. Is y(f) prime?
True
Suppose -121*b + 4306380 = -8407544 - 755433. Is b a prime number?
True
Let d(j) = -3*j**3 + 9*j**2 - 23*j - 25. Let o(a) = -a**3 - a**2 - 3*a. Let s(x) = -d(x) + 2*o(x). Is s(18) prime?
False
Let m be (-7)/2*24/(-14). Suppose 3*c - m = -5*o, 4*c = 3*o - 4*o + 8. Suppose o*n = -3*n + 537. Is n a composite number?
False
Let g(w) = 2*w + 34. Let b = -87 + 73. Let z be g(b). Is (-2439)/z*126/(-27) a prime number?
False
Let o(t) = -19*t**2 + 24*t + 4. Let d(h) = 20*h**2 - 24*h - 3. Let u(w) = -5*d(w) - 6*o(w). Is u(10) a composite number?
False
Let r(x) be the third derivative of x**4/3 - 11*x**3/3 - 21*x**2. Let p be r(-20). Let k = -55 - p. Is k composite?
False
Let w = 1210 + -1270. Let x(i) = 5*i**2 - i + 2. Let z be x(3). Is (w/(-16) - -2)*z a composite number?
True
Suppose -2738 = -22*d + 111512 + 13504. Is d a composite number?
False
Suppose 78 = -4*p + 838. Suppose 4*f + 2*m = -14, -2*f - 3 = -m + 2. Is (-1 - p)*(2 + f) composite?
False
Suppose s = 6*s + 3*w - 16, -4*w = -5*s + 37. Let m(z) = 99*z + 38. Is m(s) a composite number?
True
Is (5/((-135)/(-335763)))/(272/(-276) - -1) composite?
True
Let q = 1476 + -904. Suppose 3*j = -j + q. Is j composite?
True
Suppose -4*p = -7*i + 3*i - 4868, 0 = -4*p - 4. Let a = -587 - i. Is a composite?
False
Suppose 236*n - 233*n - 274269 = 0. Is n a prime number?
True
Suppose 9*a = 2*a + 11844. Suppose j - 4903 = a. Is j composite?
True
Suppose -2*v + 2*s - 16 = 0, 2*s + 11 = -3*v + 12. Is 612216/24 + v/3 + 3 composite?
True
Let n be (-129)/(-4) - 4/80*5. Let w = n - 24. Suppose -w*m + 13*m = 14695. Is m composite?
False
Suppose -o = -5*f - 749, 0 = -11*f + 7*f + o - 600. Let w = 4154 + -2702. Let g = f + w. Is g prime?
True
Suppose 17 = 8*d + 1. Suppose d*y = 2031 + 1875. Suppose y = 7*g - 8386. Is g composite?
True
Let z(n) = -5*n**3 - 20*n + 60*n + 10*n**3 - 23*n - 24*n - 73 + 7*n**2. Is z(10) composite?
False
Suppose 0 = -25*n + 23*n - 94314. Let a be ((-4)/(-12))/((-1)/n). Suppose 3*k + 6 = 0, 2*k = 9*p - 4*p - a. Is p a composite number?
True
Let o be 282/(-12)*4 + 6. Let v = 2710 - o. Is v a prime number?
False
Is (-8)/12*2393070/(-20) - 0 composite?
False
Suppose -3*g = -5*j + 210212, 64*j = 59*j - 2*g + 210217. Is j a prime number?
True
Suppose 0 = 58*g - 55*g - 6. Is (g/4)/(2292/1144 - 2) composite?
True
Let o(a) = a**3 + 26*a**2 + 27*a + 50. Let q be o(-25). Suppose q = 5*d + 4*t - 24587, 0 = -d - 2*t + 3*t + 4921. Is d composite?
False
Let l = 895 - 212. Suppose 4*x + 1344 = u - l, 2*u - 2*x - 4072 = 0. Is u prime?
True
Let a = 4175601 + -2953130. Is a a composite number?
False
Is -1*(-1167)/6*226 a composite number?
True
Is (-35069*(-8)/(-48))/(6/(-36)) a composite number?
False
Let p be (20/(-12) + 0)*-3. Suppose -p*k - 4*u = 4081, 2*k + 3*k + 4089 = 4*u. Let x = 1670 + k. Is x prime?
True
Let g = -668 + -3537. Let r = g - -5908. Is r a prime number?
False
Suppose 195 = 5*z - 10*z. Let s = z - -41. Is -479*(0 - s/2) composite?
False
Suppose -5 = -k, -3*k + 5*k - 46 = -4*u. Suppose -u*w = -2*m - 4*w + 44578, -5*m + 111479 = -4*w. Is m a composite number?
True
Let b(z) = 1725*z**2 - 19*z - 70. Let s be b(17). Is s/126 - 6/14 a prime number?
False
Let m = -11 + 15. Suppose m*q - 132 = -h + 11, -606 = -4*h + q. Let v = 678 - h. Is v a prime number?
False
Let w = 213736 + 355375. Is w prime?
True
Let q = -35 + 38. Let u(g) = 32*g + 3. Let j(d) = -16*d - 2. Let p(x) = q*u(x) + 5*j(x). Is p(12) composite?
False
Let p(t) be the second derivative of t**3/3 - 23*t**2/2 - 17*t. Let f be p(14). Suppose -z + 824 = 2*y - f*z, 2*z = 10. Is y a composite number?
True
Let w = -1171 - -2015. Suppose 2*a + x - 856 = 0, -x = 2*a - 3*x - w. Suppose 0 = -12*p + a + 3150. Is p composite?
True
Suppose -56*t = -61*t - 4*r + 216943, t + 5*r - 43376 = 0. Is t a composite number?
False
Let n(u) be the second derivative of -5/6*u**4 + 5*u**2 + 0 + 1/20*u**5 + 3*u + 5*u**3. Is n(13) a composite number?
False
Let w(r) = -53*r**3 - 5*r**2 - 14*r + 41. Let f be w(3). Suppose k - 4*k = -7944. Let v = f + k. Is v a composite number?
False
Let z(n) = -217*n**2 + 107*n + 132. Let f(w) = -54*w**2 + 27*w + 33. Let x(g) = -9*f(g) + 2*z(g). Is x(14) a prime number?
False
Suppose 3*o - 2 = -j, -10 = o - 6*j + j. Suppose 4*b - 40 = -5*s, b + 3*s - 16 = 1. Suppose 0 = 3*f + n + n - 1145, o = b*f + 3*n - 1907. Is f prime?
True
Suppose -17*h - 2*h + 57 = 0. Let l(z) = 2574*z**2 - 